ors of n?
3
Let n = 45 + 31. List the prime factors of n/8 + (-6)/4.
2
Suppose 0 = -5*y - 2*w + 8, -5*y - w + 9 = -0*w. Let g be (-2)/y - 4/(-1). Suppose 28 = a + g*a. What are the prime factors of a?
7
Let p(w) = -w**3 + 8*w**2 - w + 7. List the prime factors of p(5).
7, 11
Let o = -1 - 3. Let n be 1 + (1 + o - -1). What are the prime factors of n/(2 - (-39)/(-18))?
2, 3
Suppose 2*a + 2*a + 40 = 0. Let w(d) = -d**3 - 10*d**2 - 2*d + 6. List the prime factors of w(a).
2, 13
Let m(t) = -t - 4. Let v be m(-6). Suppose v*k - k - 8 = 0. List the prime factors of k.
2
Let c(w) = w**2 + 3*w - 2. Let o be c(-4). Suppose -o*u + 10 = 5*s, s + 6*u - u - 25 = 0. Let p(g) = g**2 + 10. What are the prime factors of p(s)?
2, 5
Let f = 0 - -4. Suppose -f - 5 = 3*m, -2*k - 2*m = -20. What are the prime factors of k?
13
Let p(l) = -l**3 + 8*l**2 - l + 11. List the prime factors of p(7).
53
Let p = -114 + 205. List the prime factors of p.
7, 13
Suppose 10*g = 7*g + 597. List the prime factors of g.
199
Let o = 4 - 2. List the prime factors of o.
2
Let j(l) = -l**3 + 4*l**2 + 5*l + 3. Let s(k) be the second derivative of -k**3/3 - 7*k**2/2 - k. Let b be s(-6). List the prime factors of j(b).
3
Let c(o) = -o**2 + 8*o + 7. Let z be c(8). Let p = 12 - z. Let n = p + 2. What are the prime factors of n?
7
Let l = -17 + 10. Let o = -3 - l. What are the prime factors of o?
2
Let w be (-4 - -2)*1 - -197. Suppose 4*t + w = -t. Let x = -28 - t. What are the prime factors of x?
11
Suppose -432 = 16*o - 19*o. List the prime factors of o.
2, 3
Suppose j = -5*p + 9, 4*j - 20 = -5*p + p. Let f(c) = 2*c + 2. What are the prime factors of f(j)?
2, 5
Let k(z) = -3*z**2 - 2*z - 1. Let l(i) = i**3 + 16*i**2 + 10*i + 6. Let u(d) = 11*k(d) + 2*l(d). List the prime factors of u(2).
3
Let u = 18 + -16. Suppose u*i + 2*m - 123 = -31, 3*i = 4*m + 131. List the prime factors of i.
3, 5
Suppose 2*b - 6 = -w + 4, 4*b = w + 20. Suppose t = -w*t + 4. List the prime factors of t.
2
Suppose -w = d - 270, 2*d = -3*w - w + 1070. What are the prime factors of w?
5, 53
Let d(n) = 11*n - 8. Let r be d(8). Suppose 3*s - r = -5*i, 0*s - s = -2*i + 43. What are the prime factors of i?
19
Suppose 2*p - 5*p = 0. Suppose p = -4*b + 31 + 5. What are the prime factors of b?
3
Let q = 155 - 127. What are the prime factors of q?
2, 7
Suppose 2*m = 0, w - 101 = 4*m + 301. What are the prime factors of w?
2, 3, 67
Suppose -3*p = -2*p + 8. Let w be p/(-2) + 0/(-6). Suppose -67 = -w*b + 5. What are the prime factors of b?
2, 3
Let s be (-6)/2 - (-96)/3. List the prime factors of 3*3/9 + s.
2, 3, 5
Let i = 90 + 73. List the prime factors of i.
163
Let u(b) = b**2 + 10*b + 3. Suppose -4*j + 3 = -5. Let w = -8 - j. What are the prime factors of u(w)?
3
Suppose -2*s + 3*q + 123 = -46, 0 = 4*s - 2*q - 318. What are the prime factors of s?
7, 11
Let u be (-2)/((-1)/(1/1)). Suppose 0 + u = t. List the prime factors of t.
2
Let o = 98 - 42. What are the prime factors of o?
2, 7
Let h(o) = o**2 - 3*o - 4. Let v be h(4). Let i(n) = n**2 - n + 10. Let x be i(0). Suppose 5*s - 3*t - 47 = -v*s, 2*s = -t + x. List the prime factors of s.
7
Let t(z) = 3*z**2 - 8*z + 3. Let x be t(-6). Suppose 5*y = -3*b - x, -4*y + 2*b - 92 = 22. List the prime factors of ((-3)/5)/(2/y).
3
Let a be ((-4)/(-8))/((-2)/12). Let z = a + 5. List the prime factors of -2*(-1)/z + 2.
3
Let g = -8 + 13. Suppose 19 = -g*a - 2*n + 122, -a - 5*n + 39 = 0. List the prime factors of a.
19
Let f = 18 - 10. List the prime factors of f + 3 + -3 + 2.
2, 5
Let t = 84 - 187. Let s = -60 - t. What are the prime factors of s?
43
Let g be 10 - (2 - (-2 + 2)). List the prime factors of (-226)/(-8) - (-6)/g.
29
Let k(w) = -2*w + 8. Let u be k(8). List the prime factors of (-2)/u - 310/(-8).
3, 13
What are the prime factors of (-7 + -11)*4/(-6)?
2, 3
Let t = 15 + 35. List the prime factors of t.
2, 5
Let f = 1 + 4. What are the prime factors of f?
5
Suppose -2*r = 56 - 142. Suppose r = 4*m - 53. What are the prime factors of m?
2, 3
What are the prime factors of (-1031)/(-7) - 2/49*7?
3, 7
Let y(o) = o**2 - 5*o**2 + 1 + 1 - 10*o + 3*o**2. List the prime factors of y(-10).
2
Let p be -27 + 9/(45/(-10)). Let u = 29 + 14. Let z = p + u. List the prime factors of z.
2, 7
Let y(l) = l**2 + 11*l - 4. Let q be y(-11). What are the prime factors of -2 - ((-8)/q + -17)?
13
Let n(s) = 2*s + 56. What are the prime factors of n(0)?
2, 7
Let n be (5/(-15))/(2/(-24)). Suppose -62 = -2*f + 3*a, -n*a - 31 = -f - 3*a. Let l = 53 - f. What are the prime factors of l?
2, 11
Suppose 0 = -a + 4. Suppose -a*v + 10 = -3*v. List the prime factors of v.
2, 5
Suppose 3*f = 6*f. What are the prime factors of f + (0 - -2) + 16?
2, 3
Suppose -t - 5*z = -4 - 5, 5*z + 3 = 2*t. Suppose -2*m = 4*x - 5 - 41, -4*x + t*m = -40. Let w = 21 - x. What are the prime factors of w?
2, 5
Suppose 0 = -c + 3*a - 1, 0 = c + 3*a - 2*a - 3. Suppose 0 = c*l + l - 24. Suppose -q = -3*q + l. List the prime factors of q.
2
Suppose -19 = 4*o + 21. Let l = o - -7. What are the prime factors of (l/6)/(2/(-24))?
2, 3
Suppose 399 = 8*p - p. List the prime factors of p.
3, 19
Let k(y) = 3*y**2 - 21*y + 7. What are the prime factors of k(9)?
61
List the prime factors of -17*-1*(1 + 1).
2, 17
Let y be 1*-2 + (-3)/(-3). List the prime factors of (-3 + (1 - y))*-3.
3
Suppose 0 = -3*j + 2*j + 2*n + 21, 2*n = 4. What are the prime factors of j?
5
Let r be (-10)/(-35) + (-66)/(-14). Suppose c = -3*b + 17, -r*b + b + 46 = 3*c. List the prime factors of c.
2, 7
Suppose 4*k = -3*p + 42, 14 = 2*p + 2*k - 12. List the prime factors of p.
2, 5
Let i(x) = x. Let w be i(2). Let v be ((-3)/w)/((-1)/2). What are the prime factors of (32/(-10))/(v/(-15))?
2
Let f be (1 - (-1)/(-3))*-48. Let s be (-1*2)/((-16)/(-416)). Let i = f - s. What are the prime factors of i?
2, 5
Let q = -49 + 72. What are the prime factors of q?
23
Suppose b = -3*p + 128, -2*p + 5*p = b + 118. List the prime factors of p.
41
Let d(o) = 6*o**2. Let k be d(-2). List the prime factors of k/14*1*14.
2, 3
Let d(u) = u**2 + 11*u + 8. Let n(s) = -s**2 - 6*s - 4. Let q(f) = -4*d(f) - 7*n(f). List the prime factors of q(3).
17
Suppose 0 = 5*a - 11 + 1. Let r be (-8)/a*-3 + 1. Let p = -8 + r. List the prime factors of p.
5
Let s = -25 - -34. List the prime factors of s.
3
Let c = 10 + 8. Suppose x - 5*d + c = 0, 2*x + 0*x = -2*d + 12. Suppose 3*f = x*f + 9. What are the prime factors of f?
3
Suppose 0 = -5*q + 28 + 177. List the prime factors of q.
41
Let g be 3 - (-3 - -6 - 49). Suppose -z - 4*r = -1, 3*r = 5*z + r - g. List the prime factors of z.
3
Let d = -13 - -6. Let a(j) = -3*j + 1. What are the prime factors of a(d)?
2, 11
Let i = -3 - -7. Suppose -2*y - 5*p + 29 = 0, 3*p - i*p + 5 = 0. Suppose j - w = 3, 9 = y*j + 3*w - 2*w. List the prime factors of j.
2
Suppose 5*g + 3*u - 43 = 0, 8 = -2*g - 5*u + 29. Let o = g + -6. Suppose o*f = -5 + 27. List the prime factors of f.
11
Let z(j) = j**2 - 8*j + 7. Let w be z(6). Suppose 64 - 9 = -5*l. Let p = w - l. What are the prime factors of p?
2, 3
Suppose -109 = -3*g + 62. Let q = -25 + g. What are the prime factors of q?
2
Let s = 164 - 19. List the prime factors of s.
5, 29
Let o = 29 + -14. Let k = 4 + o. What are the prime factors of k?
19
Let d(x) = -x**2 - 15*x - 6. What are the prime factors of d(-10)?
2, 11
Suppose -w = -2*f - 4*w - 19, 0 = 4*f - 2*w + 62. Suppose 42 = -0*v + 2*v. Let q = v + f. List the prime factors of q.
7
Let b(k) = 4*k**2 + 5*k + 9. List the prime factors of b(5).
2, 67
Let p = 16 + -22. Let s = -3 + p. What are the prime factors of (-39)/s + (-1)/3?
2
What are the prime factors of (-1894)/(-18) - (-8)/(-36)?
3, 5, 7
Suppose -3*t - 4*i = -2*i + 40, 0 = 3*i + 6. Let a(u) = u + 14. List the prime factors of a(t).
2
Let o(l) = 35*l**2 - 2*l + 1. Let b be o(1). Suppose -2*g - 2*u = u - 17, b = 3*g - 4*u. List the prime factors of g.
2, 5
Let d = 86 + 3. List the prime factors of d.
89
Let d be 6*2/8*2. Suppose 66 + 24 = d*b. List the prime factors of b.
2, 3, 5
Let r(d) = 2*d + 4. Let f be r(4). Let w = f + 17. What are the prime factors of w?
29
Let v(r) = r**3 - 5*r**2 + 5*r + 2. Let f be v(4). What are the prime factors of 18 + -3*(-2)/f?
19
Suppose x = -2*x - 9, -3*y = 3*x - 15. List the prime f